{"id":1031,"date":"2017-08-22T14:00:01","date_gmt":"2017-08-22T12:00:01","guid":{"rendered":"https:\/\/test.biarritzsportsretraite.fr\/?page_id=1031"},"modified":"2023-11-01T14:02:31","modified_gmt":"2023-11-01T13:02:31","slug":"charte-adherents","status":"publish","type":"page","link":"https:\/\/test.biarritzsportsretraite.fr\/index.php\/charte-adherents\/","title":{"rendered":"Charte de l&rsquo; Adh\u00e9rent"},"content":{"rendered":"\t\t<div data-elementor-type=\"wp-page\" data-elementor-id=\"1031\" class=\"elementor elementor-1031\">\n\t\t\t\t\t\t<section class=\"elementor-section elementor-top-section elementor-element elementor-element-322e1a22 elementor-section-boxed elementor-section-height-default elementor-section-height-default\" data-id=\"322e1a22\" data-element_type=\"section\" data-e-type=\"section\">\n\t\t\t\t\t\t<div class=\"elementor-container elementor-column-gap-default\">\n\t\t\t\t\t<div class=\"elementor-column elementor-col-100 elementor-top-column elementor-element elementor-element-7eedb288\" data-id=\"7eedb288\" data-element_type=\"column\" data-e-type=\"column\">\n\t\t\t<div class=\"elementor-widget-wrap elementor-element-populated\">\n\t\t\t\t\t\t<div class=\"elementor-element elementor-element-7e3180d4 elementor-widget elementor-widget-text-editor\" data-id=\"7e3180d4\" data-element_type=\"widget\" data-e-type=\"widget\" data-widget_type=\"text-editor.default\">\n\t\t\t\t<div class=\"elementor-widget-container\">\n\t\t\t\t\t\t\t\t\t<p><\/p>\n<h2 class=\"wp-block-heading\">&nbsp; &nbsp; &nbsp; &nbsp; &nbsp; &nbsp; LA CHARTE DE L\u2019ADHERENT DE BSR<\/h2>\n<div>\n<p style=\"margin-bottom:0cm\"><b>Biarritz Sports Retraite&nbsp;<\/b>est une association loi 1901 affili\u00e9e \u00e0 la <b>F\u00e9d\u00e9ration Fran\u00e7aise de Randonn\u00e9e&nbsp;P\u00e9destre (FFRP)<\/b>, pour les activit\u00e9s de Randonn\u00e9e et de Marche. <o:p><\/o:p><\/p>\n<p style=\"margin-bottom:0cm\">Les adh\u00e9rents, pour les activit\u00e9s de Randonn\u00e9e et de Marche ont en commun les objectifs fix\u00e9s par la <b>FFRP<\/b>:<br><o:p><\/o:p><\/p>\n<p style=\"margin-bottom:0cm\"><span style=\"font-family:&quot;Segoe UI Symbol&quot;,sans-serif; mso-bidi-font-family:&quot;Segoe UI Symbol&quot;\">\u2666<\/span>Donner la possibilit\u00e9 au maximum de membres d\u2019acc\u00e9der \u00e0 la pratique d\u2019activit\u00e9s sportives et r\u00e9cr\u00e9atives<br>adapt\u00e9es, dans la convivialit\u00e9, la s\u00e9curit\u00e9, sans esprit de comp\u00e9tition ou de&nbsp;recherche de la performance. <o:p><\/o:p><\/p>\n<p style=\"margin-bottom:0cm\"><span style=\"font-family:&quot;Segoe UI Symbol&quot;,sans-serif; mso-bidi-font-family:&quot;Segoe UI Symbol&quot;\">\u2666<\/span>Favoriser le comportement d\u2019adh\u00e9rents-acteurs pour les amener \u00e0: <o:p><\/o:p><\/p>\n<p style=\"margin-bottom:0cm\">-Participer activement au&nbsp;fonctionnement de BSR <o:p><\/o:p><\/p>\n<p style=\"margin-bottom:0cm\">-\u00c9viter d\u2019\u00eatre uniquement un&nbsp;adh\u00e9rent-consommateur <br><!--[if !supportLineBreakNewLine]--><br><!--[endif]--><o:p><\/o:p><\/p>\n<p style=\"margin-bottom:0cm\"><b>SUR LE CHEMIN DE LA SANT\u00c9 <o:p><\/o:p><\/b><\/p>\n<p style=\"margin-bottom:0cm\">Atout c\u0153ur: toutes les activit\u00e9s&nbsp;pratiqu\u00e9es par BSR peuvent avoir un effet pr\u00e9ventif sur le d\u00e9veloppement des<br>maladies cardio-vasculaires. Elles peuvent \u00eatre pratiqu\u00e9es par un grand nombre de personnes, sans limite d\u2019\u00e2ge, car elles ne r\u00e9clament pas des qualit\u00e9s&nbsp;physiques particuli\u00e8res. Une pratique r\u00e9guli\u00e8re est par contre n\u00e9cessaire.<br><span style=\"color: var( --e-global-color-text );\">De bons muscles: autre vertu de&nbsp;ces activit\u00e9s, elles mobilisent de mani\u00e8re \u00e9quilibr\u00e9e tous les muscles et&nbsp;<\/span><span style=\"color: var( --e-global-color-text );\">permettent d\u2019\u00e9prouver les sensations physiques de \u00ab la bonne fatigue\u00bb.&nbsp;<\/span><\/p>\n<p style=\"margin-bottom:0cm\"><span style=\"color: var( --e-global-color-text );\">Robuste jusqu\u2019aux os: L\u2019exercice&nbsp;sportif aide \u00e0 pr\u00e9server son \u00abcapital osseux\u00bb.<\/span><\/p>\n<p style=\"margin-bottom:0cm\"><o:p><\/o:p><\/p>\n<p style=\"margin-bottom:0cm\">Nettoyage du cerveau: Se retrouver&nbsp;en groupe est un excellent rem\u00e8de contre le stress,&nbsp;<span style=\"color: var( --e-global-color-text );\">l\u2019angoisse et la solitude.&nbsp;<\/span><\/p>\n<p style=\"margin-bottom:0cm\"><o:p><\/o:p><\/p>\n<p style=\"margin-bottom:0cm\">N.B: La consommation d\u2019alcool au&nbsp;cours des activit\u00e9s sportives est fortement d\u00e9conseill\u00e9e. Dans le cas o\u00f9 une<br>consommation abusive viendrait \u00e0 mettre en cause la s\u00e9curit\u00e9 ou nuire \u00e0 la&nbsp;convivialit\u00e9 g\u00e9n\u00e9rale au cours des activit\u00e9s organis\u00e9es par BSR, le CA se&nbsp;r\u00e9serve le droit d\u2019intervenir et de prendre les mesures qui s\u2019imposent. <br><!--[if !supportLineBreakNewLine]--><br><!--[endif]--><o:p><\/o:p><\/p>\n<p style=\"margin-bottom:0cm\"><b>ENVIRONNEMENT. <br><\/b>En cours de randonn\u00e9e ou marche, respectez la nature, ne laissez aucune&nbsp;trace de votre passage (papiers, emballages, bouteilles en plastique, reliefs&nbsp;de repas), n\u2019allumez pas de feu. Evitez d\u2019ab\u00eemer ou de cueillir des plantes.&nbsp;Respectez la propri\u00e9t\u00e9 d\u2019autrui (refermez les barri\u00e8res apr\u00e8s votre passage). <br><!--[if !supportLineBreakNewLine]--><br><!--[endif]--><o:p><\/o:p><\/p>\n<p style=\"margin-bottom:0cm\"><b>LA S\u00c9CURIT\u00c9&nbsp;<br><\/b><span style=\"color: var( --e-global-color-text );\">Toutes les activit\u00e9s sportives et&nbsp;r\u00e9cr\u00e9atives sont assur\u00e9es par des moniteurs b\u00e9n\u00e9voles ou des animateurs de BSR.<br><\/span><span style=\"color: var( --e-global-color-text );\">Les moniteurs sont des&nbsp;professionnels ayant un dipl\u00f4me d\u2019\u00e9tat et r\u00e9mun\u00e9r\u00e9s par&nbsp;<\/span><span style=\"color: var( --e-global-color-text );\">l\u2019Association.<br><\/span><span style=\"color: var( --e-global-color-text );\">Les animateurs des activit\u00e9s&nbsp;<\/span><span style=\"color: var( --e-global-color-text );\">Randonn\u00e9e ou Marche disposent des comp\u00e9tences n\u00e9cessaires valid\u00e9es par une<br><\/span><span style=\"color: var( --e-global-color-text );\">longue pratique, ou par un Certificat d\u00e9livr\u00e9 par une F\u00e9d\u00e9ration assurant des<\/span><span style=\"color: var( --e-global-color-text );\">formations d\u2019Animateur de Randonn\u00e9e ou de Marche. La FFRP propose une formation&nbsp;<\/span><span style=\"color: var( --e-global-color-text );\">th\u00e9orique et une formation pratique en vue de d\u00e9livrer un Certificat d\u2019Animateur<br><\/span><span style=\"color: var( --e-global-color-text );\">de Randonn\u00e9e ou de Marche.<\/span><\/p>\n<p style=\"margin-bottom:0cm\"><span style=\"color: var( --e-global-color-text );\">Les animateurs de Randonn\u00e9e ou de&nbsp;<\/span><span style=\"color: var( --e-global-color-text );\">Marche ont, de plus, suivi une formation de secouriste.<\/span><\/p>\n<p style=\"margin-bottom:0cm\"><o:p><\/o:p><\/p>\n<p style=\"margin-bottom:0cm\"><b>Ils exercent leur mission \u00e0 titre b\u00e9n\u00e9vole, sur la base du volontariat dans<br>une d\u00e9marche de service aux autres. <o:p><\/o:p><\/b><\/p>\n<p style=\"margin-bottom:0cm\">Le souci permanent des moniteurs et des animateurs est d\u2019assurer au mieux le d\u00e9roulement des diff\u00e9rentes<br>activit\u00e9s, dans un esprit de convivialit\u00e9 et en toute s\u00e9curit\u00e9. <o:p><\/o:p><\/p>\n<p style=\"margin-bottom:0cm\"><b>Vous devez \u00e9couter leurs&nbsp;conseils et suivre strictement les consignes qu\u2019ils vous donnent. <br><!--[if !supportLineBreakNewLine]--><br><!--[endif]--><o:p><\/o:p><\/b><\/p>\n<p style=\"margin-bottom:0cm\"><b>Marche sur route :<\/b><br>Respecter strictement les consignes des animateurs et restez attentifs \u00e0 la&nbsp;<br>circulation routi\u00e8re. <o:p><\/o:p><\/p>\n<p style=\"margin-bottom:0cm\">Le non-respect de ces r\u00e8gles&nbsp;simples engage, en cas d\u2019accident, la responsabilit\u00e9 des animateurs et de BSR.<br>N\u2019oubliez pas que les animateurs qui \u0153uvrent avec comp\u00e9tence et d\u00e9vouement sont&nbsp;des b\u00e9n\u00e9voles. Respectez-les, facilitez-leur la t\u00e2che et suivez leurs&nbsp;consignes.<\/p>\n<p style=\"margin-bottom:0cm\"><b style=\"color: var( --e-global-color-text );\">Le covoiturage<\/b><span style=\"color: var( --e-global-color-text );\"> : les&nbsp;<\/span><span style=\"color: var( --e-global-color-text );\">chauffeurs des v\u00e9hicules sont responsables de la conduite de ceux-ci,&nbsp;<\/span><span style=\"color: var( --e-global-color-text );\">conform\u00e9ment aux obligations du code de la route et du code des assurances. Les&nbsp;<\/span><span style=\"color: var( --e-global-color-text );\">frais sont partag\u00e9s par voiture sur la base de 0.35\u20ac du km (prix r\u00e9\u00e9valu\u00e9&nbsp;<\/span><span style=\"color: var( --e-global-color-text );\">p\u00e9riodiquement par le CA).<\/span><\/p>\n<p style=\"margin-bottom:0cm\"><b style=\"color: var( --e-global-color-text );\">M\u00e9dication :<\/b><span style=\"color: var( --e-global-color-text );\"> Si vous&nbsp;<\/span><span style=\"color: var( --e-global-color-text );\">utilisez une m\u00e9dication particuli\u00e8re et\/ou si vous souffrez d\u2019allergie ou de&nbsp;<\/span><span style=\"color: var( --e-global-color-text );\">malaises possibles informez-en votre animateur et votre entourage. Vous devez&nbsp;<\/span><span style=\"color: var( --e-global-color-text );\">avoir avec vous votre traitement, aucun m\u00e9dicament ne pouvant \u00eatre donn\u00e9 par&nbsp;<\/span><span style=\"color: var( --e-global-color-text );\">l\u2019animateur.<\/span><\/p>\n<p style=\"margin-bottom:0cm\"><o:p><\/o:p><\/p>\n<p style=\"margin-bottom:0cm\">Un certificat m\u00e9dical est exig\u00e9&nbsp;lors de l\u2019adh\u00e9sion et \u00e9galement pour les personnes invit\u00e9es qui participent \u00e0<br>une randonn\u00e9e. <o:p><\/o:p><\/p>\n<p style=\"margin-bottom:0cm\">Ayez toujours en m\u00e9moire que&nbsp;l\u2019imprudence est la premi\u00e8re cause d\u2019accident.<o:p><\/o:p><\/p>\n<p style=\"margin-bottom:0cm\"><o:p>&nbsp;<\/o:p><b style=\"color: var( --e-global-color-text );\">DOCUMENTS OBLIGATOIRES POUR LES&nbsp;<\/b><b style=\"color: var( --e-global-color-text );\">SORTIES COLLECTIVES<\/b><\/p>\n<p style=\"margin-bottom:0cm\">Vous devez toujours avoir sur&nbsp;vous: <o:p><\/o:p><\/p>\n<p style=\"margin-bottom:0cm\"><span style=\"font-family:&quot;Segoe UI Symbol&quot;,sans-serif; mso-bidi-font-family:&quot;Segoe UI Symbol&quot;\">\u2666<\/span> votre carte d\u2019identit\u00e9 <o:p><\/o:p><\/p>\n<p style=\"margin-bottom:0cm\"><span style=\"font-family:&quot;Segoe UI Symbol&quot;,sans-serif; mso-bidi-font-family:&quot;Segoe UI Symbol&quot;\">\u2666<\/span> de l\u2019argent <o:p><\/o:p><\/p>\n<p style=\"margin-bottom:0cm\"><span style=\"font-family:&quot;Segoe UI Symbol&quot;,sans-serif; mso-bidi-font-family:&quot;Segoe UI Symbol&quot;\">\u2666<\/span> de pr\u00e9f\u00e9rence dans le&nbsp;passeport sant\u00e9: votre licence <b>FFRP<\/b>, la carte vitale, le groupe sanguin<br>si possible, le nom de t\u00e9l\u00e9phone du m\u00e9decin traitant, les traitements&nbsp;particuliers et leur posologie, le nom et le num\u00e9ro de t\u00e9l\u00e9phone de la personne&nbsp;\u00e0 pr\u00e9venir. <o:p><\/o:p><\/p>\n<p style=\"margin-bottom:0cm\"><span style=\"font-family:&quot;Segoe UI Symbol&quot;,sans-serif; mso-bidi-font-family:&quot;Segoe UI Symbol&quot;\">\u2666<\/span> la carte europ\u00e9enne (s\u00e9curit\u00e9<br>sociale) valable 2 ans si vous allez \u00e0 l\u2019\u00e9tranger. Pour l\u2019Espagne seules les&nbsp;prestations effectu\u00e9es par les services m\u00e9dicaux et hospitaliers de l\u2019\u00e9tat&nbsp;espagnol sont prises en charge. <o:p><\/o:p><\/p>\n<p style=\"margin-bottom:0cm\"><b>En cas d\u2019incidents physiques&nbsp;:<o:p><\/o:p><\/b><\/p>\n<p style=\"margin-bottom:0cm\">Seuls les animateurs, agr\u00e9\u00e9s en&nbsp;secourisme, sont habilit\u00e9s \u00e0 donner les premiers soins en cas d\u2019incident et<br>poss\u00e8dent les moyens de contact vers les Organismes de Secours en cas&nbsp;<span style=\"color: var( --e-global-color-text );\">d\u2019incident s\u00e9rieux.<\/span><\/p>\n<p style=\"margin-bottom:0cm\"><o:p><\/o:p><\/p>\n<p style=\"margin-bottom:0cm\">Les participants de randonn\u00e9es ne&nbsp;doivent pas non plus proposer leurs m\u00e9dicaments,<br>&nbsp;ni leurs \u00ab r\u00e9confortants \u00ab .&nbsp;<\/p>\n<\/div>\n<div>\n<div>\n<\/div>\n<\/div>\t\t\t\t\t\t\t\t<\/div>\n\t\t\t\t<\/div>\n\t\t\t\t\t<\/div>\n\t\t<\/div>\n\t\t\t\t\t<\/div>\n\t\t<\/section>\n\t\t\t\t<\/div>\n\t\t","protected":false},"excerpt":{"rendered":"<p>&nbsp; &nbsp; &nbsp; &nbsp; &nbsp; &nbsp; LA CHARTE DE L\u2019ADHERENT DE BSR Biarritz Sports Retraite&nbsp;est une association loi 1901 affili\u00e9e \u00e0 la F\u00e9d\u00e9ration Fran\u00e7aise de Randonn\u00e9e&nbsp;P\u00e9destre (FFRP), pour les activit\u00e9s de Randonn\u00e9e et de Marche. Les adh\u00e9rents, pour les activit\u00e9s de Randonn\u00e9e et de Marche ont en commun les objectifs fix\u00e9s par la FFRP: \u2666Donner la possibilit\u00e9 au maximum de membres d\u2019acc\u00e9der \u00e0 la pratique d\u2019activit\u00e9s sportives et r\u00e9cr\u00e9ativesadapt\u00e9es, dans la convivialit\u00e9, la s\u00e9curit\u00e9, sans esprit de comp\u00e9tition ou de&nbsp;recherche<\/p>\n","protected":false},"author":5,"featured_media":0,"parent":0,"menu_order":0,"comment_status":"closed","ping_status":"closed","template":"","meta":{"_seopress_robots_primary_cat":"","_seopress_titles_title":"","_seopress_titles_desc":"","_seopress_robots_index":"","footnotes":""},"class_list":["post-1031","page","type-page","status-publish","hentry"],"_links":{"self":[{"href":"https:\/\/test.biarritzsportsretraite.fr\/index.php\/wp-json\/wp\/v2\/pages\/1031","targetHints":{"allow":["GET"]}}],"collection":[{"href":"https:\/\/test.biarritzsportsretraite.fr\/index.php\/wp-json\/wp\/v2\/pages"}],"about":[{"href":"https:\/\/test.biarritzsportsretraite.fr\/index.php\/wp-json\/wp\/v2\/types\/page"}],"author":[{"embeddable":true,"href":"https:\/\/test.biarritzsportsretraite.fr\/index.php\/wp-json\/wp\/v2\/users\/5"}],"replies":[{"embeddable":true,"href":"https:\/\/test.biarritzsportsretraite.fr\/index.php\/wp-json\/wp\/v2\/comments?post=1031"}],"version-history":[{"count":19,"href":"https:\/\/test.biarritzsportsretraite.fr\/index.php\/wp-json\/wp\/v2\/pages\/1031\/revisions"}],"predecessor-version":[{"id":8498,"href":"https:\/\/test.biarritzsportsretraite.fr\/index.php\/wp-json\/wp\/v2\/pages\/1031\/revisions\/8498"}],"wp:attachment":[{"href":"https:\/\/test.biarritzsportsretraite.fr\/index.php\/wp-json\/wp\/v2\/media?parent=1031"}],"curies":[{"name":"wp","href":"https:\/\/api.w.org\/{rel}","templated":true}]}}