{"id":1088,"date":"2017-08-23T15:42:49","date_gmt":"2017-08-23T13:42:49","guid":{"rendered":"https:\/\/test.biarritzsportsretraite.fr\/?page_id=1088"},"modified":"2024-10-26T15:33:01","modified_gmt":"2024-10-26T13:33:01","slug":"danses","status":"publish","type":"page","link":"https:\/\/test.biarritzsportsretraite.fr\/index.php\/danses\/","title":{"rendered":"Danse Basque (Mutxiko)"},"content":{"rendered":"\t\t<div data-elementor-type=\"wp-page\" data-elementor-id=\"1088\" class=\"elementor elementor-1088\">\n\t\t\t\t\t\t<section class=\"elementor-section elementor-top-section elementor-element elementor-element-e1d5189 elementor-section-boxed elementor-section-height-default elementor-section-height-default\" data-id=\"e1d5189\" data-element_type=\"section\" data-e-type=\"section\">\n\t\t\t\t\t\t<div class=\"elementor-container elementor-column-gap-default\">\n\t\t\t\t\t<div class=\"elementor-column elementor-col-100 elementor-top-column elementor-element elementor-element-5e63ca5\" data-id=\"5e63ca5\" data-element_type=\"column\" data-e-type=\"column\">\n\t\t\t<div class=\"elementor-widget-wrap elementor-element-populated\">\n\t\t\t\t\t\t<div class=\"elementor-element elementor-element-c5f61ab elementor-widget elementor-widget-image\" data-id=\"c5f61ab\" data-element_type=\"widget\" data-e-type=\"widget\" data-widget_type=\"image.default\">\n\t\t\t\t<div class=\"elementor-widget-container\">\n\t\t\t\t\t\t\t\t\t\t\t\t<figure class=\"wp-caption\">\n\t\t\t\t\t\t\t\t\t\t<img decoding=\"async\" width=\"300\" height=\"143\" src=\"https:\/\/test.biarritzsportsretraite.fr\/wp-content\/uploads\/2023\/04\/BSR-site-Mutxiko-1-300x143.jpg\" class=\"attachment-medium size-medium wp-image-8065\" alt=\"\" srcset=\"https:\/\/test.biarritzsportsretraite.fr\/wp-content\/uploads\/2023\/04\/BSR-site-Mutxiko-1-300x143.jpg 300w, https:\/\/test.biarritzsportsretraite.fr\/wp-content\/uploads\/2023\/04\/BSR-site-Mutxiko-1-1024x490.jpg 1024w, https:\/\/test.biarritzsportsretraite.fr\/wp-content\/uploads\/2023\/04\/BSR-site-Mutxiko-1-768x367.jpg 768w, https:\/\/test.biarritzsportsretraite.fr\/wp-content\/uploads\/2023\/04\/BSR-site-Mutxiko-1-1536x734.jpg 1536w, https:\/\/test.biarritzsportsretraite.fr\/wp-content\/uploads\/2023\/04\/BSR-site-Mutxiko-1-2048x979.jpg 2048w, https:\/\/test.biarritzsportsretraite.fr\/wp-content\/uploads\/2023\/04\/BSR-site-Mutxiko-1-460x220.jpg 460w\" sizes=\"(max-width: 300px) 100vw, 300px\" \/>\t\t\t\t\t\t\t\t\t\t\t<figcaption class=\"widget-image-caption wp-caption-text\">BIARRITZ SPORTS RETRAITE<\/figcaption>\n\t\t\t\t\t\t\t\t\t\t<\/figure>\n\t\t\t\t\t\t\t\t\t<\/div>\n\t\t\t\t<\/div>\n\t\t\t\t\t<\/div>\n\t\t<\/div>\n\t\t\t\t\t<\/div>\n\t\t<\/section>\n\t\t<div class=\"elementor-element elementor-element-1503430 e-flex e-con-boxed e-con e-parent\" data-id=\"1503430\" data-element_type=\"container\" data-e-type=\"container\">\n\t\t\t\t\t<div class=\"e-con-inner\">\n\t\t<div class=\"elementor-element elementor-element-a2db992 e-con-full e-flex e-con e-child\" data-id=\"a2db992\" data-element_type=\"container\" data-e-type=\"container\">\n\t\t\t\t<div class=\"elementor-element elementor-element-effff2b elementor-widget elementor-widget-text-editor\" data-id=\"effff2b\" data-element_type=\"widget\" data-e-type=\"widget\" data-widget_type=\"text-editor.default\">\n\t\t\t\t<div class=\"elementor-widget-container\">\n\t\t\t\t\t\t\t\t\t<p><\/p>\n<p style=\"text-align: center;\">Type de danse traditionnelle du Pays Basque<br>Danse en cercle, enchainements de pas et changements de sens.<br>Entrez dans la danse et rendez-vous sur la place du village<\/p>\n<p><\/p>\n<p style=\"text-align: center;\"><strong>&nbsp;<\/strong><\/p>\n<p style=\"text-align: center;\"><strong>Salle Kl\u00e9ber Les studios de Danses de Biarritz<\/strong><\/p>\n<p style=\"text-align: center;\"><span style=\"color: #000000;\"><strong><span style=\"color: #223947;\">Professeur : <\/span><\/strong><span style=\"color: #223947;\">Dani\u00e8le Pedaugez<\/span><\/span><\/p>\n<p style=\"text-align: center;\"><span style=\"color: #000000;\"><strong><br><\/strong><strong><span style=\"color: #ff0000;\"><span style=\"color: #223947;\">Mardi : <\/span><\/span><span style=\"color: #ff0000;\"><span style=\"color: #db1616;\">16h-17h c<\/span><\/span><span style=\"color: #db1616;\">onfirm\u00e9s<\/span><span style=\"color: #db1616;\"> 1<\/span><br><\/strong><span style=\"color: #223947;\"><strong>&nbsp;<\/strong><\/span><strong><span style=\"color: #ff0000;\"><span style=\"color: #223947;\">Mardi :<\/span><\/span><span style=\"color: #ff0000;\"><span style=\"color: #db1616;\"> 17h-18h00 c<\/span><\/span><span style=\"color: #ff0000;\"><span style=\"color: #db1616;\">onfirm\u00e9s 2 et d\u00e9butants<\/span><\/span><\/strong><\/span><\/p>\n<p style=\"text-align: center;\"><span style=\"color: #000000;\"><strong><span style=\"color: #223947;\">R\u00e9f\u00e9rente :<\/span><\/strong><\/span>&nbsp;Juliette Sabourin<\/p>\n<p><\/p>\t\t\t\t\t\t\t\t<\/div>\n\t\t\t\t<\/div>\n\t\t\t\t<\/div>\n\t\t\t\t\t<\/div>\n\t\t\t\t<\/div>\n\t\t\t\t<\/div>\n\t\t","protected":false},"excerpt":{"rendered":"<p>BIARRITZ SPORTS RETRAITE Type de danse traditionnelle du Pays BasqueDanse en cercle, enchainements de pas et changements de sens.Entrez dans la danse et rendez-vous sur la place du village &nbsp; Salle Kl\u00e9ber Les studios de Danses de Biarritz Professeur : Dani\u00e8le Pedaugez Mardi : 16h-17h confirm\u00e9s 1&nbsp;Mardi : 17h-18h00 confirm\u00e9s 2 et d\u00e9butants R\u00e9f\u00e9rente :&nbsp;Juliette Sabourin<\/p>\n","protected":false},"author":5,"featured_media":0,"parent":0,"menu_order":0,"comment_status":"closed","ping_status":"closed","template":"","meta":{"_seopress_robots_primary_cat":"","_seopress_titles_title":"","_seopress_titles_desc":"La danse.....simple repr\u00e9sentation gestuelle ??\r\nC&#039;est oublier la participation du cerveau \u00e0 l&#039;orientation spatiale,\r\n\u00e0 l&#039;\u00e9quilibre,\u00a0\u00e0 la synchronisation des mouvements.\r\nAlors dansons maintenant pour le plaisir et pour l&#039;activit\u00e9 des neurones !","_seopress_robots_index":"","footnotes":""},"class_list":["post-1088","page","type-page","status-publish","hentry"],"_links":{"self":[{"href":"https:\/\/test.biarritzsportsretraite.fr\/index.php\/wp-json\/wp\/v2\/pages\/1088","targetHints":{"allow":["GET"]}}],"collection":[{"href":"https:\/\/test.biarritzsportsretraite.fr\/index.php\/wp-json\/wp\/v2\/pages"}],"about":[{"href":"https:\/\/test.biarritzsportsretraite.fr\/index.php\/wp-json\/wp\/v2\/types\/page"}],"author":[{"embeddable":true,"href":"https:\/\/test.biarritzsportsretraite.fr\/index.php\/wp-json\/wp\/v2\/users\/5"}],"replies":[{"embeddable":true,"href":"https:\/\/test.biarritzsportsretraite.fr\/index.php\/wp-json\/wp\/v2\/comments?post=1088"}],"version-history":[{"count":102,"href":"https:\/\/test.biarritzsportsretraite.fr\/index.php\/wp-json\/wp\/v2\/pages\/1088\/revisions"}],"predecessor-version":[{"id":10076,"href":"https:\/\/test.biarritzsportsretraite.fr\/index.php\/wp-json\/wp\/v2\/pages\/1088\/revisions\/10076"}],"wp:attachment":[{"href":"https:\/\/test.biarritzsportsretraite.fr\/index.php\/wp-json\/wp\/v2\/media?parent=1088"}],"curies":[{"name":"wp","href":"https:\/\/api.w.org\/{rel}","templated":true}]}}