{"id":6061,"date":"2021-07-14T09:50:09","date_gmt":"2021-07-14T07:50:09","guid":{"rendered":"https:\/\/test.biarritzsportsretraite.fr\/?page_id=6061"},"modified":"2024-03-31T14:56:37","modified_gmt":"2024-03-31T12:56:37","slug":"danses-2","status":"publish","type":"page","link":"https:\/\/test.biarritzsportsretraite.fr\/index.php\/danses-2\/","title":{"rendered":"Danse de Salon"},"content":{"rendered":"\t\t<div data-elementor-type=\"wp-page\" data-elementor-id=\"6061\" class=\"elementor elementor-6061\">\n\t\t\t\t<div class=\"elementor-element elementor-element-d574287 e-flex e-con-boxed e-con e-parent\" data-id=\"d574287\" data-element_type=\"container\" data-e-type=\"container\">\n\t\t\t\t\t<div class=\"e-con-inner\">\n\t\t<div class=\"elementor-element elementor-element-ff351ea e-con-full e-flex e-con e-child\" data-id=\"ff351ea\" data-element_type=\"container\" data-e-type=\"container\">\n\t\t\t\t<div class=\"elementor-element elementor-element-39e6322 elementor-widget elementor-widget-image\" data-id=\"39e6322\" data-element_type=\"widget\" data-e-type=\"widget\" data-widget_type=\"image.default\">\n\t\t\t\t<div class=\"elementor-widget-container\">\n\t\t\t\t\t\t\t\t\t\t\t\t<figure class=\"wp-caption\">\n\t\t\t\t\t\t\t\t\t\t<img decoding=\"async\" src=\"https:\/\/test.biarritzsportsretraite.fr\/wp-content\/uploads\/elementor\/thumbs\/BSR-site-Danses-de-Salon-qwdd3wkxogro0cytcvx3wevc6on6pd3x2t0r0vwnr0.jpeg\" title=\"BSR site Danses de Salon\" alt=\"BSR site Danses de Salon\" loading=\"lazy\" \/>\t\t\t\t\t\t\t\t\t\t\t<figcaption class=\"widget-image-caption wp-caption-text\">BIARRITZ SPORTS RETRAITE<\/figcaption>\n\t\t\t\t\t\t\t\t\t\t<\/figure>\n\t\t\t\t\t\t\t\t\t<\/div>\n\t\t\t\t<\/div>\n\t\t\t\t<\/div>\n\t\t\t\t\t<\/div>\n\t\t\t\t<\/div>\n\t\t\t\t<section class=\"elementor-section elementor-top-section elementor-element elementor-element-7e55d9b5 elementor-section-boxed elementor-section-height-default elementor-section-height-default\" data-id=\"7e55d9b5\" data-element_type=\"section\" data-e-type=\"section\">\n\t\t\t\t\t\t<div class=\"elementor-container elementor-column-gap-default\">\n\t\t\t\t\t<div class=\"elementor-column elementor-col-100 elementor-top-column elementor-element elementor-element-3089c3dd\" data-id=\"3089c3dd\" data-element_type=\"column\" data-e-type=\"column\">\n\t\t\t<div class=\"elementor-widget-wrap elementor-element-populated\">\n\t\t\t\t\t\t<div class=\"elementor-element elementor-element-53f2044c elementor-widget elementor-widget-text-editor\" data-id=\"53f2044c\" data-element_type=\"widget\" data-e-type=\"widget\" data-widget_type=\"text-editor.default\">\n\t\t\t\t<div class=\"elementor-widget-container\">\n\t\t\t\t\t\t\t\t\t<p><\/p>\n<p style=\"text-align: center;\"><span style=\"color: #223947;\">La danse&#8230;..simple repr\u00e9sentation gestuelle ??<\/span><\/p>\n<p style=\"text-align: center;\"><span style=\"color: #223947;\">C&rsquo;est oublier la participation du cerveau \u00e0 l&rsquo;orientation spatiale,<br \/>\u00e0 l&rsquo;\u00e9quilibre,\u00a0\u00e0 la synchronisation des mouvements.<br \/>Alors dansons maintenant pour le plaisir et pour l&rsquo;activit\u00e9 des neurones !<\/span><\/p>\n<p style=\"text-align: center;\">\u00a0<\/p>\n<p style=\"text-align: center;\"><span style=\"color: #223947;\">\u00a0<strong>Professeur :\u00a0<\/strong>Michel Heugas<strong><br \/><\/strong><\/span><\/p>\n<p style=\"text-align: center;\"><span style=\"color: #223947;\"><strong>Mardi : <span style=\"color: #db1616;\">14h00-16h00\u00a0\u00a0<span style=\"color: #223947;\">salle Kl\u00e9ber<\/span><\/span><br \/><\/strong><strong>Vendredi : <span style=\"color: #db1616;\">14h00-14h00<\/span>\u00a0 salle du Braou<br \/><\/strong><\/span><\/p>\n<p style=\"text-align: center;\"><span style=\"color: #223947;\"><strong>R\u00e9f\u00e9rent <\/strong><span style=\"font-size: inherit;\"><strong>:<\/strong> <\/span><\/span><\/p>\n<p style=\"text-align: center;\"><span style=\"color: #223947;\"><span style=\"font-size: inherit;\">\u00a0Daniel Peltier<\/span> <br \/><\/span><\/p>\t\t\t\t\t\t\t\t<\/div>\n\t\t\t\t<\/div>\n\t\t\t\t\t<\/div>\n\t\t<\/div>\n\t\t\t\t\t<\/div>\n\t\t<\/section>\n\t\t\t\t<\/div>\n\t\t","protected":false},"excerpt":{"rendered":"<p>BIARRITZ SPORTS RETRAITE La danse&#8230;..simple repr\u00e9sentation gestuelle ?? C&rsquo;est oublier la participation du cerveau \u00e0 l&rsquo;orientation spatiale,\u00e0 l&rsquo;\u00e9quilibre,\u00a0\u00e0 la synchronisation des mouvements.Alors dansons maintenant pour le plaisir et pour l&rsquo;activit\u00e9 des neurones ! \u00a0 \u00a0Professeur :\u00a0Michel Heugas Mardi : 14h00-16h00\u00a0\u00a0salle Kl\u00e9berVendredi : 14h00-14h00\u00a0 salle du Braou R\u00e9f\u00e9rent : \u00a0Daniel Peltier<\/p>\n","protected":false},"author":5,"featured_media":0,"parent":0,"menu_order":0,"comment_status":"closed","ping_status":"closed","template":"","meta":{"_seopress_robots_primary_cat":"","_seopress_titles_title":"","_seopress_titles_desc":"La danse.....simple repr\u00e9sentation gestuelle ??\r\nC&#039;est oublier la participation du cerveau \u00e0 l&#039;orientation spatiale,\r\n\u00e0 l&#039;\u00e9quilibre,\u00a0\u00e0 la synchronisation des mouvements.\r\nAlors dansons maintenant pour le plaisir et pour l&#039;activit\u00e9 des neurones !","_seopress_robots_index":"","footnotes":""},"class_list":["post-6061","page","type-page","status-publish","hentry"],"_links":{"self":[{"href":"https:\/\/test.biarritzsportsretraite.fr\/index.php\/wp-json\/wp\/v2\/pages\/6061","targetHints":{"allow":["GET"]}}],"collection":[{"href":"https:\/\/test.biarritzsportsretraite.fr\/index.php\/wp-json\/wp\/v2\/pages"}],"about":[{"href":"https:\/\/test.biarritzsportsretraite.fr\/index.php\/wp-json\/wp\/v2\/types\/page"}],"author":[{"embeddable":true,"href":"https:\/\/test.biarritzsportsretraite.fr\/index.php\/wp-json\/wp\/v2\/users\/5"}],"replies":[{"embeddable":true,"href":"https:\/\/test.biarritzsportsretraite.fr\/index.php\/wp-json\/wp\/v2\/comments?post=6061"}],"version-history":[{"count":35,"href":"https:\/\/test.biarritzsportsretraite.fr\/index.php\/wp-json\/wp\/v2\/pages\/6061\/revisions"}],"predecessor-version":[{"id":8043,"href":"https:\/\/test.biarritzsportsretraite.fr\/index.php\/wp-json\/wp\/v2\/pages\/6061\/revisions\/8043"}],"wp:attachment":[{"href":"https:\/\/test.biarritzsportsretraite.fr\/index.php\/wp-json\/wp\/v2\/media?parent=6061"}],"curies":[{"name":"wp","href":"https:\/\/api.w.org\/{rel}","templated":true}]}}